n divisor of 184 and 6210.
46
Calculate the highest common factor of 91 and 39.
13
Calculate the greatest common factor of 194 and 2231.
97
What is the greatest common factor of 108 and 14958?
54
Calculate the greatest common factor of 136 and 459.
17
What is the greatest common factor of 24 and 5652?
12
Calculate the highest common divisor of 33 and 297.
33
Calculate the highest common factor of 77 and 21.
7
What is the greatest common factor of 72 and 104?
8
What is the greatest common factor of 140 and 160?
20
Calculate the highest common divisor of 52 and 299.
13
What is the highest common divisor of 937 and 1?
1
Calculate the greatest common divisor of 8 and 7.
1
What is the highest common factor of 38 and 2?
2
Calculate the greatest common factor of 120 and 144.
24
Calculate the greatest common divisor of 56 and 14.
14
Calculate the highest common factor of 136 and 864.
8
Calculate the greatest common factor of 75 and 90.
15
Calculate the greatest common factor of 10 and 1310.
10
Calculate the highest common divisor of 174 and 18.
6
What is the highest common factor of 3486 and 42?
42
What is the highest common divisor of 56 and 7336?
56
Calculate the highest common factor of 896 and 7.
7
Calculate the highest common divisor of 213 and 6.
3
What is the highest common factor of 180 and 160?
20
What is the highest common factor of 3815 and 436?
109
Calculate the greatest common divisor of 444 and 1184.
148
Calculate the greatest common factor of 60 and 810.
30
Calculate the highest common factor of 325 and 575.
25
What is the highest common divisor of 817 and 76?
19
What is the greatest common divisor of 253 and 5?
1
Calculate the highest common factor of 8 and 3160.
8
What is the greatest common divisor of 41876 and 29?
29
Calculate the greatest common factor of 213 and 355.
71
Calculate the highest common factor of 42 and 546.
42
Calculate the greatest common divisor of 320 and 55.
5
Calculate the greatest common factor of 5518 and 124.
62
Calculate the greatest common divisor of 126 and 1344.
42
Calculate the greatest common factor of 1092 and 84.
84
Calculate the highest common factor of 17 and 1581.
17
What is the highest common divisor of 70 and 80?
10
Calculate the greatest common divisor of 7065 and 90.
45
Calculate the greatest common factor of 345 and 6.
3
Calculate the greatest common divisor of 9 and 63.
9
What is the highest common factor of 473 and 154?
11
What is the highest common divisor of 4 and 12?
4
What is the greatest common factor of 117 and 26?
13
Calculate the greatest common divisor of 187 and 9163.
187
What is the highest common factor of 36 and 2724?
12
What is the highest common divisor of 243 and 2448?
9
What is the highest common factor of 209 and 1805?
19
What is the highest common factor of 54 and 198?
18
What is the greatest common factor of 2 and 162?
2
Calculate the highest common factor of 4 and 34.
2
What is the highest common factor of 341 and 11?
11
What is the highest common divisor of 42 and 28?
14
What is the highest common factor of 260 and 156?
52
What is the highest common factor of 864 and 27?
27
Calculate the highest common factor of 275 and 125.
25
Calculate the highest common factor of 6413 and 371.
53
What is the greatest common divisor of 272 and 1224?
136
What is the greatest common divisor of 84 and 126?
42
Calculate the greatest common divisor of 176 and 51568.
176
Calculate the greatest common factor of 17 and 306.
17
Calculate the highest common factor of 2218 and 8.
2
What is the highest common factor of 11518 and 26?
26
What is the highest common factor of 3160 and 380?
20
What is the greatest common factor of 340 and 136?
68
What is the greatest common factor of 95 and 4009?
19
What is the highest common factor of 182 and 658?
14
What is the greatest common divisor of 1143 and 254?
127
Calculate the highest common divisor of 28 and 28.
28
Calculate the greatest common factor of 646 and 153.
17
What is the highest common factor of 2607 and 66?
33
What is the greatest common factor of 33 and 2937?
33
What is the greatest common factor of 285 and 75?
15
Calculate the greatest common divisor of 108 and 156.
12
What is the greatest common factor of 368 and 128?
16
What is the greatest common divisor of 78 and 57?
3
What is the highest common divisor of 72 and 25596?
36
Calculate the greatest common divisor of 568 and 71.
71
Calculate the highest common factor of 405 and 60.
15
Calculate the greatest common factor of 244 and 366.
122
What is the highest common factor of 96 and 936?
24
Calculate the greatest common divisor of 20 and 975.
5
Calculate the highest common factor of 32 and 496.
16
Calculate the greatest common factor of 1136 and 80.
16
What is the greatest common factor of 21 and 203?
7
What is the greatest common divisor of 78 and 24?
6
Calculate the highest common divisor of 423 and 126.
9
Calculate the highest common divisor of 26 and 1586.
26
Calculate the highest common factor of 60 and 120.
60
What is the highest common divisor of 44 and 36?
4
What is the greatest common divisor of 265 and 25?
5
What is the highest common divisor of 84 and 8124?
12
What is the greatest common factor of 41 and 41?
41
Calculate the highest common divisor of 126 and 56.
14
Calculate the highest common divisor of 16479 and 9.
9
Calculate the highest common factor of 28580 and 60.
20
What is the greatest common divisor of 225 and 9?
9
Calculate the highest common divisor of 4 and 46.
2
Calculate the greatest common divisor of 116 and 3886.
58
Calculate the greatest common factor of 864 and 27.
27
What is the highest common divisor of 52 and 429?
13
Calculate the greatest common divisor of 35 and 28.
7
What is the greatest common divisor of 100 and 3700?
100
Calculate the highest common factor of 68624 and 16.
16
Calculate the greatest common factor of 36 and 174.
6
What is the highest common divisor of 51 and 255?
51
Calculate the highest common factor of 94692 and 156.
156
What is the highest common factor of 21 and 867?
3
Calculate the highest common divisor of 9088 and 128.
128
Calculate the highest common factor of 231 and 33.
33
What is the highest common factor of 1200 and 1248?
48
What is the highest common factor of 630 and 9?
9
What is the highest common factor of 135 and 15?
15
What is the highest common factor of 111 and 37?
37
Calculate the greatest common factor of 906 and 24.
6
Calculate the greatest common factor of 1896 and 48.
24
Calculate the highest common divisor of 3893 and 17.
17
What is the highest common divisor of 7825 and 25?
25
Calculate the highest common divisor of 30 and 15.
15
What is the highest common divisor of 1313 and 52?
13
Calculate the highest common factor of 98 and 14.
14
What is the highest common divisor of 75 and 600?
75
What is the highest common divisor of 414 and 54?
18
What is the greatest common divisor of 6 and 506?
2
What is the highest common factor of 2608 and 163?
163
What is the greatest common divisor of 10 and 160?
10
Calculate the greatest common factor of 254 and 889.
127
Calculate the greatest common factor of 672 and 288.
96
What is the greatest common divisor of 576 and 64?
64
Calculate the greatest common divisor of 140 and 924.
28
What is the highest common factor of 1815 and 105?
15
Calculate the highest common factor of 2835 and 30.
15
Calculate the highest common divisor of 55 and 3.
1
What is the highest common divisor of 431 and 5603?
431
Calculate the greatest common factor of 1188 and 132.
132
What is the greatest common divisor of 30646 and 44?
22
What is the greatest common divisor of 12 and 52?
4
Calculate the greatest common divisor of 369 and 205.
41
What is the highest common factor of 3682 and 15780?
526
What is the greatest common divisor of 208 and 16?
16
What is the greatest common factor of 24 and 54?
6
What is the highest common divisor of 32 and 27488?
32
What is the highest common divisor of 1026 and 114?
114
What is the highest common factor of 18 and 855?
9
What is the highest common divisor of 2984 and 8?
8
Calculate the greatest common factor of 7 and 28.
7
What is the highest common factor of 104 and 338?
26
What is the highest common factor of 3680 and 1?
1
Calculate the greatest common factor of 